nd 1080?
30
What is the greatest common factor of 4114 and 153?
17
What is the greatest common divisor of 2299 and 4180?
209
Calculate the highest common divisor of 323 and 95.
19
What is the highest common factor of 3280 and 160?
80
Calculate the greatest common divisor of 52 and 39.
13
What is the highest common divisor of 1 and 9?
1
What is the greatest common divisor of 3026 and 89?
89
What is the greatest common factor of 495 and 2430?
45
What is the greatest common factor of 20 and 15?
5
What is the highest common factor of 533 and 117?
13
Calculate the greatest common divisor of 1974 and 42.
42
What is the greatest common factor of 340 and 7800?
20
Calculate the greatest common factor of 9 and 9.
9
What is the highest common factor of 738 and 2870?
82
Calculate the highest common divisor of 77393 and 193.
193
What is the highest common factor of 264 and 561?
33
What is the greatest common factor of 154 and 259?
7
What is the highest common factor of 275 and 100?
25
Calculate the highest common factor of 48 and 1184.
16
What is the highest common divisor of 2444 and 3196?
188
Calculate the highest common divisor of 77 and 55.
11
Calculate the greatest common factor of 2816 and 132.
44
Calculate the greatest common divisor of 203 and 232.
29
Calculate the greatest common divisor of 190 and 10.
10
Calculate the greatest common divisor of 4 and 68.
4
What is the greatest common divisor of 544 and 64?
32
What is the greatest common divisor of 160 and 30?
10
Calculate the greatest common divisor of 80 and 90.
10
What is the highest common divisor of 1 and 21?
1
What is the greatest common factor of 2 and 11?
1
Calculate the greatest common divisor of 50 and 70.
10
Calculate the greatest common divisor of 72 and 8.
8
Calculate the highest common factor of 143 and 88.
11
What is the highest common divisor of 248 and 32?
8
What is the greatest common divisor of 123 and 6?
3
Calculate the highest common divisor of 78 and 16666.
26
What is the highest common factor of 12 and 114?
6
Calculate the highest common divisor of 408 and 72.
24
What is the highest common factor of 18 and 54?
18
Calculate the greatest common factor of 528 and 96.
48
Calculate the highest common divisor of 2325 and 75.
75
Calculate the greatest common divisor of 165 and 66.
33
Calculate the greatest common divisor of 85596 and 84.
84
What is the highest common factor of 4432 and 16?
16
What is the greatest common factor of 60 and 105?
15
Calculate the greatest common divisor of 1243 and 113.
113
Calculate the greatest common divisor of 153 and 68.
17
Calculate the highest common divisor of 476 and 544.
68
What is the highest common divisor of 330 and 86790?
330
Calculate the greatest common factor of 1650 and 66.
66
What is the highest common divisor of 195 and 130?
65
Calculate the highest common divisor of 72 and 7704.
72
What is the highest common factor of 132 and 18?
6
What is the greatest common divisor of 21504 and 42?
42
Calculate the highest common factor of 1674 and 108.
54
What is the greatest common factor of 57 and 1919?
19
What is the highest common divisor of 560 and 160?
80
Calculate the greatest common divisor of 140 and 1505.
35
Calculate the greatest common divisor of 5 and 38.
1
Calculate the highest common divisor of 2639 and 91.
91
What is the highest common factor of 78 and 104?
26
What is the highest common factor of 5 and 21665?
5
Calculate the highest common factor of 70 and 9485.
35
Calculate the highest common factor of 16092 and 216.
108
What is the greatest common factor of 7 and 112?
7
What is the highest common divisor of 434 and 14?
14
Calculate the greatest common divisor of 46 and 874.
46
Calculate the greatest common factor of 30 and 75.
15
Calculate the greatest common divisor of 858 and 390.
78
Calculate the highest common divisor of 10363 and 482.
241
Calculate the greatest common divisor of 6327 and 399.
57
What is the highest common factor of 72 and 7596?
36
Calculate the greatest common divisor of 168 and 756.
84
Calculate the highest common divisor of 18070 and 260.
130
Calculate the greatest common divisor of 118 and 12.
2
Calculate the highest common factor of 147 and 42.
21
Calculate the greatest common divisor of 69 and 69.
69
Calculate the highest common factor of 296 and 24.
8
Calculate the highest common divisor of 712 and 2581.
89
Calculate the greatest common divisor of 1136 and 32.
16
Calculate the highest common divisor of 765 and 1190.
85
Calculate the greatest common divisor of 39 and 143.
13
What is the greatest common factor of 199 and 6169?
199
Calculate the greatest common factor of 267 and 6319.
89
Calculate the highest common divisor of 154 and 588.
14
Calculate the greatest common divisor of 175 and 25.
25
What is the greatest common divisor of 1147 and 185?
37
Calculate the greatest common divisor of 18850 and 65.
65
Calculate the highest common divisor of 34 and 17.
17
What is the greatest common divisor of 254 and 7747?
127
Calculate the highest common factor of 812 and 3712.
116
What is the highest common divisor of 82 and 12874?
82
Calculate the greatest common factor of 531 and 27.
9
What is the greatest common divisor of 4860 and 60?
60
What is the highest common divisor of 55 and 11264?
11
What is the highest common divisor of 1992 and 96?
24
Calculate the highest common factor of 1960 and 931.
49
Calculate the greatest common divisor of 72 and 1984.
8
Calculate the greatest common factor of 98 and 1519.
49
Calculate the greatest common factor of 952 and 221.
17
What is the greatest common divisor of 9435 and 765?
255
What is the greatest common factor of 10 and 16?
2
Calculate the greatest common factor of 4 and 11.
1
Calculate the highest common factor of 504 and 54.
18
Calculate the highest common factor of 576 and 54.
18
What is the greatest common divisor of 6078 and 2?
2
Calculate the highest common factor of 9102 and 246.
246
What is the greatest common factor of 308 and 6244?
28
Calculate the greatest common divisor of 80 and 22480.
80
What is the highest common factor of 6 and 86?
2
Calculate the highest common factor of 49 and 2.
1
Calculate the greatest common factor of 1668 and 12.
12
Calculate the highest common divisor of 4571 and 7.
7
Calculate the greatest common divisor of 38 and 186.
2
Calculate the highest common divisor of 6 and 6.
6
What is the greatest common divisor of 375 and 45?
15
Calculate the highest common factor of 451 and 492.
41
What is the highest common divisor of 17 and 1853?
17
Calculate the highest common divisor of 7472 and 32.
16
Calculate the greatest common factor of 36 and 1467.
9
What is the highest common factor of 22 and 5?
1
Calculate the greatest common divisor of 1044 and 1015.
29
What is the highest common factor of 43 and 9589?
43
What is the highest common divisor of 273 and 84?
21
What is the greatest common factor of 2380 and 1955?
85
What is the greatest common factor of 72 and 2511?
9
Calculate the greatest common divisor of 6541 and 93.
31
Calculate the greatest common divisor of 48 and 108.
12
Calculate the highest common factor of 320 and 1160.
40
Calculate the highest common factor of 99 and 135.
9
What is the highest common factor of 336 and 63?
21
What is the highest common divisor of 660 and 480?
60
Calculate the highest common divisor of 42 and 28.
14
Calculate the greatest common divisor of 874 and 92.
46
Calculate the greatest common divisor of 11 and 44.
11
Calculate the highest common factor of 294 and 42.
42
What is the greatest common factor of 952 and 34?
34
What is the greatest common divisor of 1340 and 871?
67
Calculate the greatest common factor of 35 and 4795.
35
What is the greatest common factor of 735 and 280?
35
What is the highest common factor of 20 and 36?
4
Calculate the greatest common factor of 1679 and 292.
73
What is the greatest common factor of 189 and 54?
27
What is the highest common divisor of 9060 and 10?
10
Calculate the highest common factor of 18 and 4149.
9
Calculate the highest common divisor of 1065 and 15.
15
What is the highest common divisor of 176 and 418?
22
What is the highest common divisor of 2116 and 92?
92
What is the highest common factor of 315 and 231?
21
What is the greatest common divisor